 m. What is the hundreds digit of t?
1
Let a = -1 - -99. Let g(n) = -n**3 - 2*n**2 - 3*n - 3. Let l be g(-2). Suppose l*r = -23 + a. What is the units digit of r?
5
Suppose -2*a + 3*h + 1077 = 0, 2*a = -h - h + 1102. What is the units digit of a?
6
Let z = -6 + 2. Let s = -6 - z. What is the tens digit of s*(-1 - 105/6)?
3
Suppose 2*l = 5*o + 161, 1 = o - 0*o. Let h = -43 - -48. Suppose 137 = h*k - l. What is the tens digit of k?
4
Let p be ((-20)/(-30))/((-2)/(-57)). Let w = -13 + p. Suppose 0 = 3*y - 0 - w. What is the units digit of y?
2
Let y be 6/(-4*(-5)/(-40)). Let c(s) = 4*s. Let m be c(5). What is the units digit of m/8*y/(-15)?
2
Suppose 4*d - 10 = d + n, 0 = -5*d - 4*n + 45. Suppose -4*v + 5*b = -9*v + 280, b = d*v - 274. What is the units digit of v?
5
Suppose 109 = 3*c - 3*t + 5*t, c - 13 = 4*t. Let r = 51 - c. What is the tens digit of r?
1
Let m(u) = -25*u + 1. Let f(o) = -o**2 - 8*o - 3. Let l be f(-8). What is the tens digit of m(l)?
7
Suppose 0*q = 2*q + 2, 2*s - 3 = -q. What is the units digit of (609/(-42))/(s/(-8))?
8
Let i be -37 - 30/(-12)*(-4)/(-5). Let u = i + 70. What is the tens digit of u?
3
Let a(y) = -56*y - 1. What is the thousands digit of a(-25)?
1
Suppose -4 = -s + 2. Suppose -6*r = -9*r + s. What is the units digit of (r/4)/(2/28)?
7
Suppose 9*w = 3*w + 4974. What is the tens digit of w?
2
Let q(u) = u**3 - 6*u**2 + u - 2. Let r be q(6). Let o(i) = -5 + 7 - r - 17*i. What is the tens digit of o(-1)?
1
Let d(s) = -13*s - 1. Let z be d(-4). Suppose 165 = -3*f + z. What is the tens digit of -3 - (f + (-6)/(-3))?
3
Suppose -2*g = s + 37, -2*g + 4*g - 3*s = -57. Let u = 17 + g. Let m = 22 + u. What is the tens digit of m?
1
Suppose -2*v = -v - 45. Let w = -8 + v. Suppose -3*f = -g + 26, f + w = -0*g + 2*g. What is the units digit of g?
7
Suppose 3*j - 4*y - 26 = 0, 0 = 3*j + 2*y + 3 + 1. Suppose f - 157 = -2*f - a, -j*a = -3*f + 163. What is the tens digit of f?
5
Suppose -6*p = -2*p + 56. Let y = -10 - p. Let q = y - -20. What is the tens digit of q?
2
Let b be ((-1)/(-2))/(2/(-40)). Let d be (-25)/b*24/10. What is the units digit of d/18*(3 + 0)?
1
Let a = 217 - 42. What is the tens digit of a?
7
Let w(u) = 2*u - 6. Let q be w(5). Suppose -4*a + 3*a = -q. Suppose 16 = a*h - 3*h - 5*o, o - 48 = -3*h. What is the units digit of h?
6
Suppose -10*k = 3139 - 14489. What is the thousands digit of k?
1
Suppose -19*w + 8379 + 32547 = 0. What is the units digit of w?
4
What is the units digit of (-4)/(12/(-15984)*6)?
8
Let i = -2447 + 5151. What is the hundreds digit of i?
7
Let k = 293 - 112. What is the hundreds digit of k?
1
Let v be 2 + 1 + -1 + 248. Let j = v + -138. Let h = -71 + j. What is the tens digit of h?
4
Suppose 1 = -4*r + 93. Let q = r + -2. Let w = q + 16. What is the units digit of w?
7
Let k = 2881 + -670. What is the units digit of k?
1
Suppose 0 = -3*m + 2*m + 4*n + 19, -4 = 4*n. What is the hundreds digit of (327/m + 1)*(3 - -2)?
1
What is the units digit of (-49)/14*(-538 + -4)?
7
Suppose -5*u = 0, 5*u = -2*y + 247 + 323. What is the units digit of y?
5
Let y(x) = 2*x**2 + 20*x + 7. Let i be y(-14). Let m = i + -7. What is the units digit of m?
2
Let b(n) = -2*n**3 - 6*n**2 - 4*n + 8. Let t be (-30)/8 + 2/(-8). What is the units digit of b(t)?
6
Suppose -1 = n - 8. Suppose -n*d + 185 = -32. What is the tens digit of d?
3
What is the units digit of (21 - 22)/((-2)/82)?
1
Let p(b) = -8*b + 1. Let c(s) = 15*s - 2. Let a(t) = 4*c(t) + 7*p(t). Let f be a(1). Let m = 13 - f. What is the tens digit of m?
1
Let t = 3005 + -911. What is the hundreds digit of t?
0
Let s(d) = -d**3 + 5*d**2 + 5*d - 2. Let q be s(6). Let z be 7 - (q/(-2) - 2). Suppose -50 - 15 = -z*c. What is the tens digit of c?
1
Let y = -471 + 539. What is the units digit of y?
8
Let g be (-12)/18 - (-66)/(-9). What is the tens digit of (0 + g)*68/(-16)?
3
Suppose -129*i = -58*i - 52327. What is the tens digit of i?
3
Suppose -232*k + 230*k = -296. What is the tens digit of k?
4
Let x be (-1 - 1)*(-5)/(-2). Suppose -42 = 3*j - 2*w - 2*w, -2*j + w - 23 = 0. What is the units digit of (-3 + (-22)/j)*x?
4
Let t(c) = -2*c + 79 + 3*c - 3*c - 48. What is the units digit of t(-7)?
5
Suppose 2*f - 3*r + 122 = 0, 3*f - 2*f + 63 = 2*r. Let v = -30 - f. What is the tens digit of v/10*36/2?
4
Let m be (2/4)/(1/(-20)). Let q(z) = -z**3 - 9*z**2 + 2*z - 16. What is the units digit of q(m)?
4
Suppose 0 = -4*m + 13 + 43. Suppose -6*t + 3*t = -33. Suppose -m*b + 57 = -t*b. What is the units digit of b?
9
Let p = 659 - -2127. What is the tens digit of p?
8
Let g = 10 - 7. Suppose 0 = -r - 3*r. What is the units digit of r*(-4 + 3) + g?
3
Let p(j) = -1 + 6*j**2 - 2*j**3 - 2*j - j + 9 + j**3. What is the units digit of p(4)?
8
Suppose 2*p - 2 - 8 = 0. Suppose -p*z + 33 = -87. What is the units digit of (z/(-15))/((-4)/40)?
6
Suppose -4*w = 4, 4*l - 8*l + 18639 = w. What is the thousands digit of l?
4
Let y = -1014 + 3275. What is the units digit of y?
1
Suppose -3*d - 6 = 0, 0*d = -z - 2*d + 935. Suppose 7*y = 391 + z. What is the tens digit of y?
9
What is the tens digit of ((-135)/(-60))/((-4)/((-7872)/9))?
9
Suppose 0 = 4*i + u, -4*i + 2 = -u - 6. What is the units digit of i?
1
Suppose -25 + 709 = 12*k. What is the units digit of k?
7
Let t(s) = -3*s + 11. Suppose -4*w - 1 = 5*o - 4, -5*o + 21 = -2*w. Let m = -2 - o. What is the units digit of t(m)?
6
Let o(g) = 2*g**3 + g**2 - 2*g + 4. Let q(n) = 2*n**3 + 2*n**2 - n + 3. Let x(k) = 5*o(k) - 6*q(k). What is the units digit of x(-4)?
4
Let a be (-95 - 4/2)*(-1 + 0). Let n = 206 - a. What is the hundreds digit of n?
1
Let z = 1964 + -1099. Suppose 0 = 5*c - 3*j - z, j = 5*c - 3*j - 860. What is the hundreds digit of c?
1
Let g(k) = 3 - 3*k + 39*k**2 + 5*k + 0 - 1. What is the units digit of g(-2)?
4
Let w(a) = 13*a**2 - 8*a + 7. Let v be w(6). Suppose 0 = 2*o - 165 - v. What is the hundreds digit of o?
2
Let z be (-4333)/35 + (-4)/20. Let d = z - -330. What is the hundreds digit of d?
2
Suppose 8 = 4*d, 0 = 5*b + d - 5*d - 22. Suppose -158 = -3*c + q, -112 = -2*c - 2*q + b*q. Let a = c - 31. What is the units digit of a?
1
Suppose 0*m + 5*m - 4 = -3*v, -3*v + 6 = 3*m. Suppose -2 = 2*p + 4*a, -p + 5*a - 36 = -0*p. What is the tens digit of p*v/(-3)*1?
1
Let j = -289 - 45. What is the tens digit of j/(-7) + 16/56?
4
Let b be ((-9)/2 - -4)*4. What is the units digit of 0 + b + 123/1?
1
Let l(s) = s + 34. Let y be l(-14). Suppose y = 5*o, i + 1 = -2*o + 63. What is the units digit of i?
4
Let p(j) = -j**3 + 13*j**2 - 13*j - 16. Let i be p(11). Let h = 232 - i. What is the tens digit of h?
4
Let j(y) = -5*y + 1. Let s be j(1). Let h(n) = -n**3 + n**2 + 2*n - 4. Let u be h(s). Suppose 3*q - 2 = 4, -2*q = 2*x - u. What is the tens digit of x?
3
What is the hundreds digit of (4 + 104/12)*39?
4
Let l(g) = g**3 - 4*g**2 - 7*g + 2. Let i be l(5). Let n = 18 + i. What is the units digit of n?
0
Let n(s) = 51*s**2 - 3*s - 1. Let q be n(-1). Let u = 95 - q. What is the tens digit of u?
4
Let n(t) be the first derivative of -3 - 1/2*t**2 + 11*t. What is the tens digit of n(0)?
1
Suppose a = -2*a + 66. Suppose 3*l = 94 - a. Let x = l + -5. What is the units digit of x?
9
Suppose 0 = -4*t + 5*t. Let m be 1/(-1 + t) + -1. What is the tens digit of 44*(m - (-15)/6)?
2
Let w = -8 + -2. Let r = w - -12. Suppose z = -r*z + 123. What is the units digit of z?
1
Let u = 91 + 679. What is the hundreds digit of u?
7
Let n(m) = 16*m**2 + m - 11. What is the tens digit of n(-6)?
5
Let b(s) = 2*s**3 + 3*s**2 - 85*s + 8. What is the tens digit of b(9)?
4
Suppose 0 = -0*z - 5*z - n + 70, 4*n = 5*z - 70. Let y be (-3)/(-9)*(1 + z). Suppose -y*h + 9 = -g, 4 = 2*h - h. What is the tens digit of g?
1
Suppose 21 = -2*c + 5*c. Let l(i) = 32*i - 29. What is the tens digit of l(c)?
9
Let f(c) = -c**3 + 8*c**2 - 2*c. Let z(d) = d**3 - 7*d**2 - 7*d - 2. Let j be z(8). Suppose 0 = 8*m - j*m - 12. What is the units digit of f(m)?
0
Suppose f - 398 = 5*a, 1990 = 5*f + 24*a - 26*a. What is the hundreds digit of f?
3
Let r(k) = -107*k**3 - k. Let q be (-7)/9 + -3*8/108. What is the units digit of r(q)?
8
Suppose 0 = 4*o - 5*a - 897, 3*o - 4*o = 5*a - 193. What is the hundreds digit of o?
2
Let r(p) = 282*p**3 - p**2 - 4*p. Let i(h) = -564*h**3 + 2*h